{"id":301,"date":"2018-11-01T06:25:57","date_gmt":"2018-11-01T09:25:57","guid":{"rendered":"http:\/\/www.ihgse.org.br\/wordpress\/?page_id=301"},"modified":"2023-01-31T15:07:21","modified_gmt":"2023-01-31T18:07:21","slug":"outros-espacos","status":"publish","type":"page","link":"https:\/\/ihgse.org.br\/wordpress\/outros-espacos\/","title":{"rendered":""},"content":{"rendered":"<div class=\"vce-row-container\" data-vce-boxed-width=\"true\"><div class=\"vce-row vce-row--col-gap-30 vce-row-equal-height vce-row-content--top\" id=\"el-7182e6ad\" data-vce-do-apply=\"all el-7182e6ad\"><div class=\"vce-row-content\" data-vce-element-content=\"true\"><div class=\"vce-col vce-col--md-auto vce-col--xs-1 vce-col--xs-last vce-col--xs-first vce-col--sm-last vce-col--sm-first vce-col--md-last vce-col--lg-last vce-col--xl-last vce-col--md-first vce-col--lg-first vce-col--xl-first\" id=\"el-2fef1479\"><div class=\"vce-col-inner\" data-vce-do-apply=\"border margin background  el-2fef1479\"><div class=\"vce-col-content\" data-vce-element-content=\"true\" data-vce-do-apply=\"padding el-2fef1479\"><div><\/div><\/div><\/div><\/div><\/div><\/div><\/div><div class=\"vce-row-container\" data-vce-boxed-width=\"true\"><div class=\"vce-row vce-row--col-gap-30 vce-row-equal-height vce-row-content--top\" id=\"el-69d78d30\" data-vce-do-apply=\"all el-69d78d30\"><div class=\"vce-row-content\" data-vce-element-content=\"true\"><div class=\"vce-col vce-col--md-auto vce-col--xs-1 vce-col--xs-last vce-col--xs-first vce-col--sm-last vce-col--sm-first vce-col--md-first vce-col--lg-first vce-col--xl-first\" id=\"el-4f5e0536\"><div class=\"vce-col-inner\" data-vce-do-apply=\"border margin background  el-4f5e0536\"><div class=\"vce-col-content\" data-vce-element-content=\"true\" data-vce-do-apply=\"padding el-4f5e0536\"><div class=\"vce-simple-image-slider\" style=\"--backgroundPosition:center center; --pointerColor:#fff; --pointerColorHover:#fd9a00;\"><div class=\"vce-simple-image-slider-wrapper vce\" id=\"el-654a1336\" data-vce-do-apply=\"all el-654a1336\"><div class=\"vce-simple-image-slider-helper vce-simple-image-slider-aspect-ratio--4-3\"><div class=\"vce-simple-image-slider-list\" data-slick-autoplay=\"on\" data-slick-autoplay-delay=\"5000\" data-slick-effect=\"slideIn\" data-slick-dots=\"on\" data-slick-arrows=\"off\"><div class=\"slick-list\"><div class=\"slick-track\"><div class=\"vce-simple-image-slider-item vc-slick-item\"><a href=\"https:\/\/www.ihgse.org.br\/wordpress\/wp-content\/uploads\/2023\/01\/WhatsApp-Image-2023-01-23-at-11.57.27-1.jpeg\" data-lightbox=\"lightbox-654a1336\" style=\"background-image:url(https:\/\/www.ihgse.org.br\/wordpress\/wp-content\/uploads\/2023\/01\/WhatsApp-Image-2023-01-23-at-11.57.27-1.jpeg)\" class=\"vce-simple-image-slider-img vce-simple-image-slider-img--scale\"><img decoding=\"async\" class=\"\" src=\"https:\/\/www.ihgse.org.br\/wordpress\/wp-content\/uploads\/2023\/01\/WhatsApp-Image-2023-01-23-at-11.57.27-1.jpeg\" style=\"opacity:0\" alt=\"\"><\/a><\/div><div class=\"vce-simple-image-slider-item vc-slick-item\"><a href=\"https:\/\/www.ihgse.org.br\/wordpress\/wp-content\/uploads\/2023\/01\/WhatsApp-Image-2023-01-12-at-15.13.39-2.jpeg\" data-lightbox=\"lightbox-654a1336\" style=\"background-image:url(https:\/\/www.ihgse.org.br\/wordpress\/wp-content\/uploads\/2023\/01\/WhatsApp-Image-2023-01-12-at-15.13.39-2.jpeg)\" class=\"vce-simple-image-slider-img vce-simple-image-slider-img--scale\"><img decoding=\"async\" class=\"\" src=\"https:\/\/www.ihgse.org.br\/wordpress\/wp-content\/uploads\/2023\/01\/WhatsApp-Image-2023-01-12-at-15.13.39-2.jpeg\" style=\"opacity:0\" alt=\"\"><\/a><\/div><\/div><\/div><\/div><div class=\"vce-simple-image-slider-dots\"><\/div><\/div><\/div><\/div><\/div><\/div><\/div><div class=\"vce-col vce-col--md-auto vce-col--xs-1 vce-col--xs-last vce-col--xs-first vce-col--sm-last vce-col--sm-first vce-col--md-last vce-col--lg-last vce-col--xl-last\" id=\"el-3bf94995\"><div class=\"vce-col-inner\" data-vce-do-apply=\"border margin background  el-3bf94995\"><div class=\"vce-col-content\" data-vce-element-content=\"true\" data-vce-do-apply=\"padding el-3bf94995\"><div class=\"vce-text-block\"><div class=\"vce-text-block-wrapper vce\" id=\"el-0ebf56c7\" data-vce-do-apply=\"all el-0ebf56c7\"><p>&nbsp;<\/p>\n<p>&nbsp;<\/p>\n<p><span style=\"font-size: 14pt;\"><strong>Sala de Estudos Lu\u00eds Fernando Ribeiro Soutelo &nbsp;<\/strong><\/span><\/p>\n<p>Tem como finalidade receber os s\u00f3cios e pesquisadores de modo geral. \u00c9 um local equipado com cinco mesas e vinte cadeiras, terminal de computador com internet, software da Biblioteca &nbsp;&nbsp;e Wi-fi para visitantes e pesquisadores. Ambiente situado no t\u00e9rreo do pr\u00e9dio, entre a sala da presid\u00eancia, biblioteca Manoel Bonfim e Hemeroteca. O ambiente recebe o nome do saudoso 1\u00ba Secret\u00e1rio, que muito contribuiu para o crescimento, organiza\u00e7\u00e3o e desenvolvimento Do IHGSE.<\/p><\/div><\/div><\/div><\/div><\/div><\/div><\/div><\/div><div class=\"vce-row-container\" data-vce-boxed-width=\"true\"><div class=\"vce-row vce-row--col-gap-30 vce-row-equal-height vce-row-content--top\" id=\"el-a16515db\" data-vce-do-apply=\"all el-a16515db\"><div class=\"vce-row-content\" data-vce-element-content=\"true\"><div class=\"vce-col vce-col--md-auto vce-col--xs-1 vce-col--xs-last vce-col--xs-first vce-col--sm-last vce-col--sm-first vce-col--md-first vce-col--lg-first vce-col--xl-first\" id=\"el-8665dec9\"><div class=\"vce-col-inner\" data-vce-do-apply=\"border margin background  el-8665dec9\"><div class=\"vce-col-content\" data-vce-element-content=\"true\" data-vce-do-apply=\"padding el-8665dec9\"><div class=\"vce-text-block\"><div class=\"vce-text-block-wrapper vce\" id=\"el-8cb30396\" data-vce-do-apply=\"all el-8cb30396\"><p>&nbsp;<\/p>\n<p>&nbsp;<\/p>\n<p><span style=\"font-size: 14pt;\"><strong>Secretaria<\/strong><\/span><\/p>\n<p>\u00c9 o setor que centraliza os servi\u00e7os de expediente de s\u00f3cios, servi\u00e7os administrativos, assim como, a guarda da produ\u00e7\u00e3o documental do IHGSE em arquivos: Corrente e Intermedi\u00e1rio.<\/p><\/div><\/div><\/div><\/div><\/div><div class=\"vce-col vce-col--md-auto vce-col--xs-1 vce-col--xs-last vce-col--xs-first vce-col--sm-last vce-col--sm-first vce-col--md-last vce-col--lg-last vce-col--xl-last\" id=\"el-026e9d47\"><div class=\"vce-col-inner\" data-vce-do-apply=\"border margin background  el-026e9d47\"><div class=\"vce-col-content\" data-vce-element-content=\"true\" data-vce-do-apply=\"padding el-026e9d47\"><div class=\"vce-simple-image-slider\" style=\"--backgroundPosition:center center; --pointerColor:#fff; --pointerColorHover:#fd9a00;\"><div class=\"vce-simple-image-slider-wrapper vce\" id=\"el-2c681ad9\" data-vce-do-apply=\"all el-2c681ad9\"><div class=\"vce-simple-image-slider-helper vce-simple-image-slider-aspect-ratio--16-9\"><div class=\"vce-simple-image-slider-list\" data-slick-autoplay=\"on\" data-slick-autoplay-delay=\"5000\" data-slick-effect=\"slideIn\" data-slick-dots=\"on\" data-slick-arrows=\"off\"><div class=\"slick-list\"><div class=\"slick-track\"><div class=\"vce-simple-image-slider-item vc-slick-item\"><a href=\"https:\/\/www.ihgse.org.br\/wordpress\/wp-content\/uploads\/2023\/01\/759872610.jpg\" data-lightbox=\"lightbox-2c681ad9\" style=\"background-image:url(https:\/\/www.ihgse.org.br\/wordpress\/wp-content\/uploads\/2023\/01\/759872610.jpg)\" class=\"vce-simple-image-slider-img vce-simple-image-slider-img--scale\"><img decoding=\"async\" class=\"\" src=\"https:\/\/www.ihgse.org.br\/wordpress\/wp-content\/uploads\/2023\/01\/759872610.jpg\" style=\"opacity:0\" alt=\"\"><\/a><\/div><\/div><\/div><\/div><div class=\"vce-simple-image-slider-dots\"><\/div><\/div><\/div><\/div><\/div><\/div><\/div><\/div><\/div><\/div><div class=\"vce-row-container\" data-vce-boxed-width=\"true\"><div class=\"vce-row vce-row--col-gap-30 vce-row-equal-height vce-row-content--top\" id=\"el-70e33644\" data-vce-do-apply=\"all el-70e33644\"><div class=\"vce-row-content\" data-vce-element-content=\"true\"><div class=\"vce-col vce-col--md-50p vce-col--xs-1 vce-col--xs-last vce-col--xs-first vce-col--sm-last vce-col--sm-first vce-col--md-first vce-col--lg-first vce-col--xl-first\" id=\"el-ed30c2aa\"><div class=\"vce-col-inner\" data-vce-do-apply=\"border margin background  el-ed30c2aa\"><div class=\"vce-col-content\" data-vce-element-content=\"true\" data-vce-do-apply=\"padding el-ed30c2aa\"><div class=\"vce-simple-image-slider\" style=\"--backgroundPosition:center center; --pointerColor:#fff; --pointerColorHover:#fd9a00;\"><div class=\"vce-simple-image-slider-wrapper vce\" id=\"el-49377b87\" data-vce-do-apply=\"all el-49377b87\"><div class=\"vce-simple-image-slider-helper vce-simple-image-slider-aspect-ratio--16-9\"><div class=\"vce-simple-image-slider-list\" data-slick-autoplay=\"on\" data-slick-autoplay-delay=\"5000\" data-slick-effect=\"slideIn\" data-slick-dots=\"on\" data-slick-arrows=\"off\"><div class=\"slick-list\"><div class=\"slick-track\"><div class=\"vce-simple-image-slider-item vc-slick-item\"><a href=\"https:\/\/www.ihgse.org.br\/wordpress\/wp-content\/uploads\/2023\/01\/849689826.jpg\" data-lightbox=\"lightbox-49377b87\" style=\"background-image:url(https:\/\/www.ihgse.org.br\/wordpress\/wp-content\/uploads\/2023\/01\/849689826.jpg)\" class=\"vce-simple-image-slider-img vce-simple-image-slider-img--scale\"><img decoding=\"async\" class=\"\" src=\"https:\/\/www.ihgse.org.br\/wordpress\/wp-content\/uploads\/2023\/01\/849689826.jpg\" style=\"opacity:0\" alt=\"\"><\/a><\/div><\/div><\/div><\/div><div class=\"vce-simple-image-slider-dots\"><\/div><\/div><\/div><\/div><\/div><\/div><\/div><div class=\"vce-col vce-col--md-50p vce-col--xs-1 vce-col--xs-last vce-col--xs-first vce-col--sm-last vce-col--sm-first vce-col--md-last vce-col--lg-last vce-col--xl-last\" id=\"el-945486be\"><div class=\"vce-col-inner\" data-vce-do-apply=\"border margin background  el-945486be\"><div class=\"vce-col-content\" data-vce-element-content=\"true\" data-vce-do-apply=\"padding el-945486be\"><div class=\"vce-text-block\"><div class=\"vce-text-block-wrapper vce\" id=\"el-589b641b\" data-vce-do-apply=\"all el-589b641b\"><p>&nbsp;<\/p>\n<p><span style=\"font-size: 14pt;\"><strong>Processamento T\u00e9cnico<\/strong><\/span><\/p>\n<p>Como o nome sugere, \u00e9 o setor para operacionalizar tecnicamente os materiais seguindo as orienta\u00e7\u00f5es dos c\u00f3digos de classifica\u00e7\u00e3o, cataloga\u00e7\u00e3o e regras bibliotecon\u00f4micas, assim como an\u00e1lise descritiva e codifica\u00e7\u00e3o de pe\u00e7as museais adquiridas e\/ou recebidas pela institui\u00e7\u00e3o.<\/p><\/div><\/div><\/div><\/div><\/div><\/div><\/div><\/div><div class=\"vce-row-container\" data-vce-boxed-width=\"true\"><div class=\"vce-row vce-row--col-gap-30 vce-row-equal-height vce-row-content--top\" id=\"el-2ee07290\" data-vce-do-apply=\"all el-2ee07290\"><div class=\"vce-row-content\" data-vce-element-content=\"true\"><div class=\"vce-col vce-col--md-auto vce-col--xs-1 vce-col--xs-last vce-col--xs-first vce-col--sm-last vce-col--sm-first vce-col--md-first vce-col--lg-first vce-col--xl-first\" id=\"el-9c07e5d7\"><div class=\"vce-col-inner\" data-vce-do-apply=\"border margin background  el-9c07e5d7\"><div class=\"vce-col-content\" data-vce-element-content=\"true\" data-vce-do-apply=\"padding el-9c07e5d7\"><div class=\"vce-text-block\"><div class=\"vce-text-block-wrapper vce\" id=\"el-e50627f2\" data-vce-do-apply=\"all el-e50627f2\"><p>&nbsp;<\/p>\n<p>&nbsp;<\/p>\n<p><span style=\"font-size: 14pt;\"><strong>Sala da Presid\u00eancia<\/strong><\/span><\/p>\n<p>\u00c9 a sala das ideias, dos acontecimentos, convoca\u00e7\u00f5es, reuni\u00f5es e recep\u00e7\u00f5es de visitas ilustres do Instituto. Nesse espa\u00e7o fixa as ordens do dia, tudo como prop\u00f5e <strong>o Art. 35<\/strong> do <a href=\"https:\/\/ihgse.org.br\/wordpress\/estatuto\/\" target=\"_blank\" rel=\"noopener\">Estatuto<\/a>.<\/p><\/div><\/div><\/div><\/div><\/div><div class=\"vce-col vce-col--md-auto vce-col--xs-1 vce-col--xs-last vce-col--xs-first vce-col--sm-last vce-col--sm-first vce-col--md-last vce-col--lg-last vce-col--xl-last\" id=\"el-6dc8b6ad\"><div class=\"vce-col-inner\" data-vce-do-apply=\"border margin background  el-6dc8b6ad\"><div class=\"vce-col-content\" data-vce-element-content=\"true\" data-vce-do-apply=\"padding el-6dc8b6ad\"><div class=\"vce-simple-image-slider\" style=\"--backgroundPosition:center center; --pointerColor:#fff; --pointerColorHover:#fd9a00;\"><div class=\"vce-simple-image-slider-wrapper vce\" id=\"el-0e5a8318\" data-vce-do-apply=\"all el-0e5a8318\"><div class=\"vce-simple-image-slider-helper vce-simple-image-slider-aspect-ratio--16-9\"><div class=\"vce-simple-image-slider-list\" data-slick-autoplay=\"on\" data-slick-autoplay-delay=\"5000\" data-slick-effect=\"slideIn\" data-slick-dots=\"on\" data-slick-arrows=\"off\"><div class=\"slick-list\"><div class=\"slick-track\"><div class=\"vce-simple-image-slider-item vc-slick-item\"><a href=\"https:\/\/www.ihgse.org.br\/wordpress\/wp-content\/uploads\/2023\/01\/64963270.jpg\" data-lightbox=\"lightbox-0e5a8318\" style=\"background-image:url(https:\/\/www.ihgse.org.br\/wordpress\/wp-content\/uploads\/2023\/01\/64963270.jpg)\" class=\"vce-simple-image-slider-img vce-simple-image-slider-img--scale\"><img decoding=\"async\" class=\"\" src=\"https:\/\/www.ihgse.org.br\/wordpress\/wp-content\/uploads\/2023\/01\/64963270.jpg\" style=\"opacity:0\" alt=\"\"><\/a><\/div><\/div><\/div><\/div><div class=\"vce-simple-image-slider-dots\"><\/div><\/div><\/div><\/div><\/div><\/div><\/div><\/div><\/div><\/div><div class=\"vce-row-container\" data-vce-boxed-width=\"true\"><div class=\"vce-row vce-row--col-gap-30 vce-row-equal-height vce-row-content--top\" id=\"el-f9c028f2\" data-vce-do-apply=\"all el-f9c028f2\"><div class=\"vce-row-content\" data-vce-element-content=\"true\"><div class=\"vce-col vce-col--md-auto vce-col--xs-1 vce-col--xs-last vce-col--xs-first vce-col--sm-last vce-col--sm-first vce-col--md-last vce-col--lg-last vce-col--xl-last vce-col--md-first vce-col--lg-first vce-col--xl-first\" id=\"el-5b6b5eb2\"><div class=\"vce-col-inner\" data-vce-do-apply=\"border margin background  el-5b6b5eb2\"><div class=\"vce-col-content\" data-vce-element-content=\"true\" data-vce-do-apply=\"padding el-5b6b5eb2\"><div><\/div><\/div><\/div><\/div><\/div><\/div><\/div>","protected":false},"excerpt":{"rendered":"<p>&nbsp; &nbsp; Sala de Estudos Lu\u00eds Fernando Ribeiro Soutelo &nbsp; Tem como finalidade receber os s\u00f3cios e pesquisadores de modo geral. \u00c9 um local equipado com cinco mesas e vinte cadeiras, terminal de computador com internet, software da Biblioteca &nbsp;&nbsp;e Wi-fi para visitantes e pesquisadores. Ambiente situado no t\u00e9rreo do pr\u00e9dio, entre a sala da&hellip; <br \/> <a class=\"read-more\" href=\"https:\/\/ihgse.org.br\/wordpress\/outros-espacos\/\">Leia mais<\/a><\/p>\n","protected":false},"author":5,"featured_media":1461,"parent":0,"menu_order":0,"comment_status":"closed","ping_status":"closed","template":"","meta":{"footnotes":""},"class_list":["post-301","page","type-page","status-publish","has-post-thumbnail","hentry"],"_links":{"self":[{"href":"https:\/\/ihgse.org.br\/wordpress\/wp-json\/wp\/v2\/pages\/301","targetHints":{"allow":["GET"]}}],"collection":[{"href":"https:\/\/ihgse.org.br\/wordpress\/wp-json\/wp\/v2\/pages"}],"about":[{"href":"https:\/\/ihgse.org.br\/wordpress\/wp-json\/wp\/v2\/types\/page"}],"author":[{"embeddable":true,"href":"https:\/\/ihgse.org.br\/wordpress\/wp-json\/wp\/v2\/users\/5"}],"replies":[{"embeddable":true,"href":"https:\/\/ihgse.org.br\/wordpress\/wp-json\/wp\/v2\/comments?post=301"}],"version-history":[{"count":12,"href":"https:\/\/ihgse.org.br\/wordpress\/wp-json\/wp\/v2\/pages\/301\/revisions"}],"predecessor-version":[{"id":2003,"href":"https:\/\/ihgse.org.br\/wordpress\/wp-json\/wp\/v2\/pages\/301\/revisions\/2003"}],"wp:featuredmedia":[{"embeddable":true,"href":"https:\/\/ihgse.org.br\/wordpress\/wp-json\/wp\/v2\/media\/1461"}],"wp:attachment":[{"href":"https:\/\/ihgse.org.br\/wordpress\/wp-json\/wp\/v2\/media?parent=301"}],"curies":[{"name":"wp","href":"https:\/\/api.w.org\/{rel}","templated":true}]}}